) = -16*j**2 + 197*j + 236. Give m(13).
93
Let a(f) = -2*f**2 - 4865*f - 43645. Determine a(-9).
-22
Let u(t) = 2*t**2 + 23032*t + 1397514. Give u(-61).
4
Let y(z) = 2041*z + 18333. Determine y(-9).
-36
Let s(v) = -58059*v - 522537. What is s(-9)?
-6
Let c(s) = s**3 + 305*s**2 + 2636*s - 67. Determine c(-9).
185
Let q(b) = 311*b + 39821. Give q(-130).
-609
Let m(n) = 15*n**2 - 774*n + 6267. Determine m(10).
27
Let o(d) = 18*d**3 + 12*d**2 - 66*d - 216. Calculate o(-3).
-396
Let r(j) = 232*j**2 - 9043*j - 214. Give r(39).
-19
Let x(h) = -8*h**2 - 1186*h + 8379. What is x(-155)?
9
Let o(z) = 3*z**3 - 125*z**2 + 1056*z - 209. Calculate o(30).
-29
Let b(l) = -18129*l + 21210934. Calculate b(1170).
4
Let o(p) = -p**3 + 94*p**2 + 2719*p + 83. Give o(117).
3359
Let y(l) = 4*l**2 + 195*l + 2360. Determine y(-22).
6
Let v(n) = -n**3 - 41*n**2 + 364*n - 1394. Give v(-49).
-22
Let x(o) = 14413*o - 374643. Give x(26).
95
Let i(p) = -75*p**3 + 1409*p**2 + 265*p + 734. Calculate i(19).
-7
Let z(o) = 9176*o + 293600. Give z(-32).
-32
Let x(j) = -j**3 - 17*j**2 + 64*j + 354. What is x(-12)?
-1134
Let m(i) = -142*i + 2590. Give m(21).
-392
Let z(r) = 2*r**2 - 171*r - 2269. Give z(-11).
-146
Let c(w) = w**3 + 36*w**2 + 104*w - 120. Calculate c(-11).
1761
Let n(k) = 5*k**3 - 397*k**2 - 645*k + 193. Determine n(81).
436
Let g(j) = -16786*j - 235475. Calculate g(-14).
-471
Let k(r) = -54*r - 4968. Calculate k(-85).
-378
Let r(t) = 6502*t - 123508. What is r(19)?
30
Let d(x) = 6*x**2 + 4517*x + 74317. What is d(-736)?
-19
Let d(w) = -3549*w + 241362. What is d(68)?
30
Let v(j) = -4407*j - 26150. Determine v(-6).
292
Let c(i) = 47*i + 1425. Calculate c(-36).
-267
Let f(z) = -z**2 + 130*z + 4235. What is f(157)?
-4
Let r(n) = 9159*n + 18140. Calculate r(-2).
-178
Let a(k) = 3115*k - 15300. Determine a(5).
275
Let y(l) = -4*l**3 - 52*l**2 - 14*l - 85. Give y(-13).
97
Let p(o) = 11599*o + 162374. Calculate p(-14).
-12
Let n(c) = c**2 + 173*c + 7204. Calculate n(-98).
-146
Let v(z) = -z**3 - 9*z**2 + 4633*z + 50816. Give v(-11).
95
Let x(v) = -v**3 - 5*v**2 + 11*v + 26. What is x(-9)?
251
Let z(t) = -27818*t - 194532. What is z(-7)?
194
Let v(u) = -43*u**3 + 903*u**2 - 7*u + 105. Give v(21).
-42
Let k(n) = n**3 - 37*n**2 - 5418*n + 80364. Determine k(14).
4
Let f(l) = 52*l**2 - 27*l + 3. Give f(1).
28
Let u(r) = 2*r**2 - 247*r + 7133. What is u(46)?
3
Let n(w) = -w**3 + 22*w + 54. Calculate n(-3).
15
Let d(c) = 2161*c + 79990. Give d(-37).
33
Let i(b) = -2*b**3 + 115*b**2 + 227*b + 20529. Determine i(62).
7
Let x(k) = k**2 - 49*k + 444. Give x(11).
26
Let u(l) = -4607*l - 32119. What is u(-7)?
130
Let x(y) = 3*y**2 - 2787*y + 136816. Determine x(52).
4
Let q(w) = 1695573*w - 18651313. Calculate q(11).
-10
Let x(i) = i**3 - 51*i**2 + 863*i - 5791. Give x(27).
14
Let c(u) = -27*u**3 - 671*u**2 + 82*u - 403. Give c(-25).
47
Let c(m) = -2255*m + 1053218. Calculate c(467).
133
Let m(h) = -h**3 - 112*h**2 - 1986*h - 109. Determine m(-22).
23
Let h(p) = 2*p**2 - 185*p + 4025. Determine h(34).
47
Let v(x) = 68*x**3 - 2581*x**2 - 158*x + 1588. Give v(38).
-84
Let w(p) = -189*p + 6505. What is w(33)?
268
Let z(l) = -4147*l + 1036956. What is z(250)?
206
Let l(j) = -7*j**3 - 102*j**2 + 16*j - 236. What is l(-15)?
199
Let v(c) = 6*c**2 - 5708*c - 268975. Calculate v(-45).
35
Let l(s) = 10661*s - 85530. Calculate l(8).
-242
Let c(q) = -2*q**2 - 1362*q - 137294. Calculate c(-123).
-26
Let a(k) = -6*k**3 + 151*k**2 + 756*k + 7. Calculate a(-5).
752
Let u(x) = -41*x - 304. What is u(-15)?
311
Let b(f) = -2*f**3 - 215*f**2 - 5735*f - 218. Calculate b(-58).
-624
Let s(c) = -4*c**3 - 9*c**2 + 3364*c - 16801. Calculate s(5).
-706
Let o(a) = 21*a**3 - 85*a**2 - 13*a - 5. Give o(5).
430
Let m(f) = 14085*f + 239289. Give m(-17).
-156
Let c(s) = 244*s**3 - 18807*s**2 + 1487*s - 1861. Calculate c(77).
-13
Let j(a) = 35*a**3 - 6124*a**2 - 177*a + 29. Determine j(175).
-321
Let k(z) = -2*z**3 + 46*z**2 - 79*z - 130. Calculate k(21).
-25
Let k(b) = b**3 + 80*b**2 + 141*b - 1070. What is k(-78)?
100
Let r(l) = -27745*l + 388025. Give r(14).
-405
Let l(h) = 293*h - 29086. What is l(99)?
-79
Let x(i) = -906*i + 3194. Calculate x(3).
476
Let c(l) = 7*l**2 + 66*l - 352. Determine c(11).
1221
Let s(g) = -16060*g - 127703. Give s(-8).
777
Let v(d) = -2944*d - 141474. Give v(-48).
-162
Let g(h) = h**3 - 154*h**2 - 170*h + 2230. Give g(155).
-95
Let m(u) = -49*u**2 + 211*u + 6652. What is m(14)?
2
Let w(b) = -4*b**2 + 22969*b - 2012564. Determine w(89).
-7
Let c(k) = k**3 + 9*k**2 - 755*k - 123. Give c(-33).
-1344
Let p(l) = 356*l + 79041. Determine p(-222).
9
Let g(b) = -2*b**2 + 250*b - 3119. Give g(14).
-11
Let n(t) = -1868*t - 707955. Calculate n(-379).
17
Let z(r) = -r**3 - 50*r**2 + 584*r - 1273. What is z(3)?
2
Let b(c) = c**3 + 7*c**2 + 4342*c + 34795. What is b(-8)?
-5
Let n(q) = -q**2 - 358*q - 19712. Determine n(-290).
8
Let d(i) = 3777*i - 453235. What is d(120)?
5
Let l(c) = -1963*c + 233592. Determine l(119).
-5
Let y(a) = 4*a**2 + 1219*a - 15530. Determine y(-317).
3
Let j(u) = 95*u**2 - 1116*u + 1046. Determine j(11).
265
Let d(v) = v**3 - 179*v**2 - 26026*v + 257. Give d(-95).
-123
Let c(i) = -5*i**3 + 1032*i**2 + 3154*i + 48. Give c(-3).
9
Let j(m) = -446*m + 1422. Calculate j(3).
84
Let z(t) = -3*t**2 + 144*t + 2964. What is z(64)?
-108
Let q(o) = 726*o**2 + 25395*o - 523. What is q(-35)?
2
Let q(w) = 1086*w - 160881. Determine q(148).
-153
Let j(u) = 272*u - 18233. Calculate j(67).
-9
Let i(a) = 436*a - 95666. Determine i(219).
-182
Let s(c) = -13*c**2 - 64*c - 20. What is s(-5)?
-25
Let o(l) = -2*l**2 + 178*l + 8758. Determine o(-33).
706
Let n(w) = -14387*w**2 + 4474359*w - 613. Determine n(311).
9
Let q(p) = 7529*p + 15164. Determine q(-2).
106
Let b(w) = 156*w + 5455. Give b(-35).
-5
Let j(a) = a**3 + 21*a**2 + 477*a + 8382. What is j(-19)?
41
Let n(k) = k**2 - 2668860*k + 8006573. Determine n(3).
2
Let s(d) = -10834*d - 227521. Calculate s(-21).
-7
Let w(c) = -804*c**2 + 93*c - 88. Give w(1).
-799
Let k(q) = -159*q**2 + 7307*q - 5. Give k(46).
-327
Let c(o) = -o**3 - o**2 + 4412*o + 35294. Determine c(-8).
446
Let u(p) = p**2 + 162*p - 14455. Calculate u(-226).
9
Let d(b) = -6*b**3 - 314*b**2 - 1435*b - 36751. Give d(-50).
-1
Let w(k) = -k**3 + 312*k**2 - 17280*k + 11. What is w(240)?
11
Let y(t) = 127*t + 22522. Calculate y(-175).
297
Let o(a) = -8775*a - 1676239. What is o(-191)?
-214
Let f(c) = c**2 + 887*c + 70305. What is f(-88)?
-7
Let s(y) = -2129*y - 28116. Calculate s(-13).
-439
Let u(g) = 126*g**2 - 746*g - 18. Calculate u(6).
42
Let l(w) = -341*w - 1886. Calculate l(-10).
1524
Let n(m) = -1406*m - 2300. Determine n(-2).
512
Let r(v) = -30*v**3 + 3*v**2 - 17*v - 71. Determine r(-3).
817
Let y(r) = 85*r**2 + 7304*r - 603. Calculate y(-86).
-87
Let k(x) = 345*x**3 - 8*x**2 - 19*x - 10. Calculate k(-1).
-344
Let c(n) = -6*n**3 + 248*n**2 + 448*n - 778. What is c(43)?
-4
Let w(k) = -917*k**2 - 49513*k + 264. What is w(-54)?
-6
Let g(z) = z**3 - 3*z**2 - 38*z + 344. Calculate g(16).
3064
Let t(n) = -n**2 + 1025*n - 12014. Determine t(12).
142
Let v(m) = 2*m**3 - 32*m**2 - 339*m - 20. Give v(-7).
99
Let l(y) = 6*y**2 + 14020*y + 56098. Determine l(-4).
114
Let g(a) = 657*a - 98623. Calculate g(150).
-73
Let t(w) = -w**3 + 4*w**2 + 135*w - 1449. Give t(9).
-639
Let q(k) = -624*k + 1000. Calculate q(2).
-248
Let i(h) = -2*h - 1300. Give i(31).
-1362
Let i(r) = 2124*r - 6370. Determine i(3).
2
Let k(q) = -71*q + 25601. Determine k(361).
-30
Let n(g) = 115209*g - 9447132. Give n(82).
6
Let q(w) = 10387*w + 882901. Give q(-85).
6
Let w(h) = h**3 - 2371*h**2 - 14429*h + 396953. Calculate w(2377).
-6
Let j(c) = c**3 - 115*c**2 + 1324*c + 294. Give j(102).
90
Let c(n) = -398*n + 22285. Calculate c(56).
-3
Let u(c) = -210043*c**2 - 1470297*c + 30. What is u(-7)?
2
Let l(g) = 4*g**3 + 1046*g**2 + 27782*g + 43. Calculate l(-30).
-17
Let t(m) = 2726*m - 149806. Give t(55).
124
Let r(g) = 2*g**3 + 14*g**2 - 42*g - 34. Give r(4).
150
Let o(l) = -2*l**3 - 168*l**2 - 477*l + 685. What is o(-81)?
-44
Let t(w) = -776980*w + 10100742. Determine t(13).
2
Let l(y) = y**3 + 67*y**2 - 5*y - 569. Give l(-67).
-234
Let a(g) = -2*g**2 - 378*g - 17567. Calculate a(-97).
281
Let c(o) = 700*o**2 - 116